{"id":4201,"date":"2023-11-12T15:22:12","date_gmt":"2023-11-12T15:22:12","guid":{"rendered":"https:\/\/eihv.org\/demo\/?page_id=4201"},"modified":"2023-11-12T15:22:13","modified_gmt":"2023-11-12T15:22:13","slug":"uslovi-koriscenja","status":"publish","type":"page","link":"https:\/\/eihv.org\/demo\/uslovi-koriscenja\/","title":{"rendered":"Uslovi kori\u0161\u0107enja"},"content":{"rendered":"\n<p>Uslovi kori\u0161\u0107enja Europskog instituta za ljudske vrijednosti<\/p>\n\n\n\n<h2 class=\"wp-block-heading\">1. Uvod<\/h2>\n\n\n\n<p>Dobrodo\u0161li na portal Europskog instituta za ljudske vrijednosti! Ovi uvjeti i odredbe opisuju pravila i regulative za kori\u0161tenje na\u0161e web stranice i usluga.<\/p>\n\n\n\n<h2 class=\"wp-block-heading\">2. Prihva\u0107anje uvjeta<\/h2>\n\n\n\n<p>Pristupanjem ovoj web stranici, pristajete se pridr\u017eavati ovih uvjeta i odredbi. Ako se ne sla\u017eete s bilo kojim dijelom ovih uvjeta, molimo vas da ne koristite na\u0161u web stranicu.<\/p>\n\n\n\n<h2 class=\"wp-block-heading\">3. \u010clanstvo<\/h2>\n\n\n\n<p>\u010clanstvo u Europskom institutu za ljudske vrijednosti otvoreno je za sve pojedince i organizacije koje podr\u017eavaju na\u0161u misiju i ciljeve. O\u010dekuje se od \u010dlanova da se pridr\u017eavaju pravila i smjernica koje je postavila organizacija.<\/p>\n\n\n\n<h2 class=\"wp-block-heading\">4. Privatnost<\/h2>\n\n\n\n<p>Va\u0161a privatnost nam je va\u017ena. Molimo vas da pregledate na\u0161u Politiku privatnosti koja tako\u0111er upravlja va\u0161om posjetom na\u0161oj web stranici, kako biste razumjeli na\u0161e prakse.<\/p>\n\n\n\n<h2 class=\"wp-block-heading\">5. Donacije<\/h2>\n\n\n\n<p>Sve donacije koje se uplate Europskom institutu za ljudske vrijednosti su dobrovoljne i nepovratne. Cijenimo va\u0161u podr\u0161ku i jam\u010dimo vam da \u0107e va\u0161i doprinosi biti kori\u0161teni u svrhe organizacije.<\/p>\n\n\n\n<h2 class=\"wp-block-heading\">6. Intelektualno vlasni\u0161tvo<\/h2>\n\n\n\n<p>Sadr\u017eaj na ovoj web stranici, uklju\u010duju\u0107i, ali ne ograni\u010davaju\u0107i se na tekst, grafiku, logotipe, slike, audio zapise, digitalne preuzetke i podatkovne kompilacije, vlasni\u0161tvo je Europskog instituta za ljudske vrijednosti i za\u0161ti\u0107en je autorskim pravima.<\/p>\n\n\n\n<h2 class=\"wp-block-heading\">7. Ograni\u010denje odgovornosti<\/h2>\n\n\n\n<p>Europski institut za ljudske vrijednosti ne\u0107e biti odgovoran za indirektne, slu\u010dajne, posebne, posljedi\u010dne ili kaznene \u0161tete ili bilo kakav gubitak dobiti ili prihoda, bez obzira je li nastao izravno ili neizravno, ili bilo kakav gubitak podataka, upotrebe, ugleda ili drugih nematerijalnih gubitaka koji proizlaze iz (a) va\u0161e upotrebe ili nesposobnosti za kori\u0161tenje usluge; (b) neovla\u0161tenog pristupa ili kori\u0161tenja na\u0161ih poslu\u017eitelja i\/ili bilo kojih osobnih podataka pohranjenih na njima.<\/p>\n\n\n\n<h2 class=\"wp-block-heading\">8. Zakon koji se primjenjuje<\/h2>\n\n\n\n<p>Ovi uvjeti i odredbe podlije\u017eu zakonima Hrvatske. Sve sporove koji proizlaze iz ovih uvjeta i odredbi bit \u0107e isklju\u010diva nadle\u017enost sudova Hrvatske.<\/p>\n\n\n\n<h2 class=\"wp-block-heading\">9. Promjene uvjeta<\/h2>\n\n\n\n<p>Europski institut za ljudske vrijednosti zadr\u017eava pravo izmjene ili zamjene ovih uvjeta i odredbi u bilo kojem trenutku. Promjene \u0107e stupiti na snagu odmah nakon objavljivanja na web stranici. Va\u0161a daljnja upotreba web stranice nakon takvih promjena predstavlja va\u0161u suglasnost s novim uvjetima i odredbama.<\/p>\n","protected":false},"excerpt":{"rendered":"<p>Uslovi kori\u0161\u0107enja Europskog instituta za ljudske vrijednosti 1. Uvod Dobrodo\u0161li na portal Europskog instituta za ljudske vrijednosti! Ovi uvjeti i odredbe opisuju pravila i regulative za kori\u0161tenje na\u0161e web stranice i usluga. 2. Prihva\u0107anje uvjeta Pristupanjem ovoj web stranici, pristajete se pridr\u017eavati ovih uvjeta i odredbi. Ako se ne sla\u017eete s bilo kojim dijelom ovih [&hellip;]<\/p>\n","protected":false},"author":1,"featured_media":0,"parent":0,"menu_order":0,"comment_status":"closed","ping_status":"closed","template":"","meta":{"footnotes":""},"class_list":["post-4201","page","type-page","status-publish","hentry"],"_links":{"self":[{"href":"https:\/\/eihv.org\/demo\/wp-json\/wp\/v2\/pages\/4201","targetHints":{"allow":["GET"]}}],"collection":[{"href":"https:\/\/eihv.org\/demo\/wp-json\/wp\/v2\/pages"}],"about":[{"href":"https:\/\/eihv.org\/demo\/wp-json\/wp\/v2\/types\/page"}],"author":[{"embeddable":true,"href":"https:\/\/eihv.org\/demo\/wp-json\/wp\/v2\/users\/1"}],"replies":[{"embeddable":true,"href":"https:\/\/eihv.org\/demo\/wp-json\/wp\/v2\/comments?post=4201"}],"version-history":[{"count":1,"href":"https:\/\/eihv.org\/demo\/wp-json\/wp\/v2\/pages\/4201\/revisions"}],"predecessor-version":[{"id":4211,"href":"https:\/\/eihv.org\/demo\/wp-json\/wp\/v2\/pages\/4201\/revisions\/4211"}],"wp:attachment":[{"href":"https:\/\/eihv.org\/demo\/wp-json\/wp\/v2\/media?parent=4201"}],"curies":[{"name":"wp","href":"https:\/\/api.w.org\/{rel}","templated":true}]}}